 - 3*y - 69. Suppose -3*b + 0*b = -2*j + 345, -3*j + 520 = -5*b. What is the remainder when j is divided by x - 2*15/(-10)?
18
Let v(h) = h - 3. Let n be v(5). Let b = 1 + n. Suppose 516*c - 667*c = -1057. Calculate the remainder when c is divided by b.
1
Calculate the remainder when 4311 is divided by (1 + 159)*66/110 + (2 - 0).
97
Suppose -4813 = -21*c + 7346. What is the remainder when c is divided by 5?
4
Let v(a) = 20*a**2 + 9*a - 30. Let r = 636 - 631. Calculate the remainder when v(r) is divided by 11.
9
Let s(q) = q**3 - 12*q**2 - 9*q + 19. Let n be s(6). Let l = -237 - n. Calculate the remainder when 572 is divided by l.
12
Suppose 65 - 118 = -2*r - 3*d, -125 = -5*r - 6*d. What is the remainder when 717 is divided by r?
14
Let b be (-16)/(-5) - (-4)/5. Let f = 1 + 14. Suppose -2*m = m + f, 2*m + 130 = b*u. What is the remainder when u is divided by 16?
14
Let l(x) = -11*x + 45. Let k be l(-9). Suppose 586*o = 589*o - k. Calculate the remainder when 765 is divided by o.
45
Suppose -12*d = -k - 15*d + 123, -5*k + 649 = -2*d. Let s be (2 - 0)/(-2)*(-9 - -1). Suppose s*q - 268 + 4 = 0. What is the remainder when k is divided by q?
30
Suppose 37433 = -20*h + 103*h. What is the remainder when h is divided by 212?
27
Let z be 36 + (-16)/8 + 7. Suppose 2*r - z = 3*t - 206, -4*t - 4*r + 240 = 0. Calculate the remainder when t is divided by 29.
28
Suppose -169 = -4*o - 33. Let s = 758 - 488. What is the remainder when s is divided by o?
32
Suppose 1345 = 2*d - 3*b, -19*b + 2695 = 4*d - 20*b. What is the remainder when d is divided by 206?
56
Suppose 2*i + 68 = 4*w, i = -3*w - 22 - 32. What is the remainder when -3 + i/(-15) - (-1026)/5 is divided by 24?
13
Let d = -11574 - -11749. What is the remainder when 665 is divided by d?
140
Let k be 17/3 + 4/(-6). Suppose -82 - 293 = -k*d - 2*n, 0 = 5*n. Suppose 174*t - 17654 = -505*t. Calculate the remainder when d is divided by t.
23
Let k = -3959 + 4005. What is the remainder when 1423 is divided by k?
43
What is the remainder when 2613 is divided by 1516/56 - (-17)/(-238)?
21
Suppose -7*i - 9139 = -20*i. Suppose 6*l - i = -253. What is the remainder when l is divided by 28?
19
Suppose 3*m = 9*m + 2208. Let o = 446 + m. Calculate the remainder when 158 is divided by o.
2
Suppose 1264 = 9*f - 347. Suppose -4*i = f - 455. What is the remainder when i is divided by 19?
12
Calculate the remainder when 575 - 4*1/2*4/8 is divided by 83.
76
Suppose 4*u = -2*r + 316, 403*r - 402*r - 81 = -u. What is the remainder when 241 is divided by u?
10
Suppose 95*p + 756 = 3*g + 92*p, -4*g = 3*p - 973. Calculate the remainder when g is divided by 108.
31
Suppose -4*l = 4*x - 28, -4*l + 107 - 89 = -x. Suppose -175 + 165 = -x*s. Calculate the remainder when 13 is divided by s.
3
Suppose -4*a - 13 = -z + 77, -z + 5*a = -95. Suppose -2*u + u - 4*n + 22 = 0, -26 = -3*u - 2*n. What is the remainder when z is divided by u?
4
Let q be 26/6 - 8/(-12). Suppose q*m = 3*m + 74. What is the remainder when m is divided by 8/128*8 + 78/4?
17
Let a be ((-12)/(-5))/6 + (-189)/35. Calculate the remainder when 229 is divided by (-114)/a + (-78)/(-390).
22
Suppose -4*q = -0*q + 5*y - 3, -6 = 3*q + y. Let i be (21/28)/(q/(-36)). Suppose -i + 47 = 2*v. Calculate the remainder when v is divided by 4.
3
Let f(q) = -7*q + 2. Let a = -18985 - -19131. Calculate the remainder when a is divided by f(-4).
26
Suppose -4*m + 394 + 1454 = 0. Suppose m*w = 467*w - 575. What is the remainder when w is divided by 9?
7
Suppose -6*t = -4*t - 22. Calculate the remainder when ((-72)/(-20))/((-2)/(-30)) is divided by t.
10
What is the remainder when (-1105)/(-34)*140/50 is divided by 56?
35
Suppose -4*z + 83 = 79. Let q(i) = 116*i**2 + 3*i - 1. What is the remainder when q(z) is divided by 12?
10
Let c = -4411 - -4701. What is the remainder when 306 is divided by c?
16
Let f be (1 + -1)*(-4)/8. Suppose -3*x = 5*l - 206, -x + f*l + 2*l = -87. Calculate the remainder when x is divided by (98/(-14) - 37 - 34)*1/(-2).
38
Calculate the remainder when ((-12)/(168/(-77)) - 4)*6728/3 is divided by 337.
331
Let y(q) = -q**3 - 3*q**2 - 15*q - 55. Let m be y(-5). Suppose 5*j - 22 = -b + 170, -2*j + m = -3*b. What is the remainder when j is divided by 21?
17
Let k = 27493 - 27308. What is the remainder when 349 is divided by k?
164
Let d = -3 + 11. Suppose -4*p - 2*p = 2*p. Suppose 3*j = 5*u + 118, p = -5*j + u + 180 - 20. Calculate the remainder when j is divided by d.
7
Suppose -23 - 22 = -9*j. Suppose 4*i = j*n + 2*i - 207, -42 = -n + i. What is the remainder when 78 is divided by n?
37
Let f be (-87)/(-58)*(-4)/3. Calculate the remainder when -1*(-1 - f)*(-23 + -60) is divided by 13 - (-2 - -2) - 1.
11
Let p be (-1)/(518/1533 - (-2)/(-6)). Let i = -208 - p. Calculate the remainder when 0 + 1/(1/42) is divided by i.
9
Suppose 2*o + 4*i - 43 = -11, -5*o + 56 = -2*i. Let f be -6*(20/o - 2). Suppose u - f*p = 1, -9 = -u - 0*p - 2*p. What is the remainder when 44 is divided by u?
4
Let c = 12505 - 11658. Calculate the remainder when c is divided by 136.
31
Suppose 0 = -29*g + 11114 - 2559. What is the remainder when 916 is divided by g?
31
Let y = -454 - -1562. Calculate the remainder when y is divided by 13.
3
Suppose 0 = -4*i + t + 8, 4 = 24*i - 22*i + 2*t. Suppose -4*a = 4*d - 932, 14*a = 15*a + i*d - 237. What is the remainder when a is divided by 77?
75
What is the remainder when 2*-20*(-2856)/192 is divided by 227?
141
Let a = 16499 - 15877. Calculate the remainder when 1905 is divided by a.
39
Let n = 10 + -13. Suppose -q + 4*q = 9. Calculate the remainder when -3*(-2)/(-6)*n is divided by q.
0
Suppose 3 = -2*k + 35. Let f(v) = 28*v - 198. Let o(q) = -12*q + 99. Let j(u) = -2*f(u) - 5*o(u). What is the remainder when k is divided by j(26)?
1
Calculate the remainder when 5548 is divided by 2940/228 + (-10)/(-95).
10
Calculate the remainder when 18/(-495)*-11*1345 is divided by 11.
10
Suppose 10*p = w - 39, -27*p + 25*p - 150 = -2*w. What is the remainder when w is divided by 1?
0
Let p(z) = 17*z - 7. Let v be p(2). Suppose 4*t - 5 = v. Suppose -t*g + 592 = -4*g. What is the remainder when g is divided by 25?
23
Suppose 11 - 61 = q. Let p = q + 59. Suppose -p*l = -29 - 277. What is the remainder when l is divided by 12?
10
Calculate the remainder when 1046 is divided by (-3 - (4 + -12 + 6))/((-4)/124).
23
Let q = 411 + -134. Suppose 68 = 4*b + 3*d, 2*b - 44 = -5*d + 4. Calculate the remainder when q is divided by b.
11
What is the remainder when 91 is divided by (2/(-6))/(((-361)/(-15162))/((-6)/7))?
7
What is the remainder when 3 - -414 - (-7)/((-42)/(-18)) is divided by 37?
13
Suppose 0 = -3*g + r + 16822, 26*g - 30*g - 3*r = -22438. Suppose -13*x + 216 = -g. What is the remainder when x is divided by 18?
16
Suppose 3*t - 3*t = -2*t. Suppose 450 = -t*s - 5*s. What is the remainder when (1/2*3)/(s/(-840)) is divided by 4?
2
What is the remainder when -2 - -2 - (-7 + 12 - (2 + 196)) is divided by 57?
22
Suppose -3*b - 2*k + 33 + 29 = 0, 5*k + 70 = 5*b. Suppose -31 + 73 = 3*c. Suppose -2*s + 432 = c*s. What is the remainder when s is divided by b?
9
Let k(r) = 487*r**2 - 10. What is the remainder when k(2) is divided by 10?
8
Let v(x) = 4*x**2 - 33*x - 107. Let d = 240 - 162. Calculate the remainder when d is divided by v(-3).
22
Let n be 80/(-36) - 2/(-9). Calculate the remainder when -176*(n/4 - 0) is divided by 44/(-12)*(-40 + 43) + 29.
16
Suppose 0 = -4*b, -b - 140 - 205 = -3*y. What is the remainder when 66 is divided by (92/y)/((-2)/(-10))?
2
Suppose 3*p - 4*u = 86, 2*p - 29*u = -31*u + 76. What is the remainder when 1900 is divided by p?
30
Let f = 501 - 730. Let m = 499 + f. What is the remainder when m is divided by 39?
36
Let i(z) = 50*z**2 + 99*z + 11. What is the remainder when i(-6) is divided by 302?
9
Suppose -21*i = -19*i + 1298. Let a = -518 - i. What is the remainder when a is divided by 74?
57
Suppose 0 = -830*m + 825*m + 2*i + 211, 5*m = 3*i + 204. Calculate the remainder when 8818 is divided by m.
43
Let h be 20 + -26 + -1 + 8. Let q(i) = 9*i**3 - 2*i**2 + 7*i - 5. What is the remainder when (1/1)/(2/52) is divided by q(h)?
8
Let b(t) = -t**3 + 6*t**2 + 6*t - 2. Let v be b(4). Let g = v - 53. Calculate the remainder when 48 is divided by (-2*